{"id":3015,"date":"2015-03-23T10:41:47","date_gmt":"2015-03-23T10:41:47","guid":{"rendered":"https:\/\/rcn-ong.be\/?page_id=3015"},"modified":"2015-12-11T09:11:39","modified_gmt":"2015-12-11T09:11:39","slug":"appui-a-la-transition-vers-un-etat-de-droit-a-la-justice-de-proximite-et-a-la-pacification-sociale","status":"publish","type":"page","link":"https:\/\/rcn-ong.be\/en\/que-faisons-nous\/nos-pays-d-intervention\/republique-democratique-du-congo\/realisations-anterieures\/appui-a-la-transition-vers-un-etat-de-droit-a-la-justice-de-proximite-et-a-la-pacification-sociale\/","title":{"rendered":"&#8220;Appui \u00e0 la transition vers un \u00e9tat de droit, \u00e0 la justice de proximit\u00e9 et \u00e0 la pacification sociale&#8221;"},"content":{"rendered":"<p>&nbsp;<\/p>\n<p>RCN Justice &amp; D\u00e9mocratie a d\u00e9velopp\u00e9 un programme d\u2019appui \u00e0 la justice qui r\u00e9pondait aux attentes sp\u00e9cifiques de chaque province.<\/p>\n<p>Le projet <em>\u00ab Appui \u00e0 la justice de proximit\u00e9 et \u00e0 la s\u00e9curit\u00e9 des personnes \u00e0 Kinshasa \u00bb<\/em><\/p>\n<p><a href=\"https:\/\/rcn-ong.be\/wp-content\/uploads\/2015\/05\/Appui-\u00e0-la-transition-vers-un-\u00e9tat-de-droit.jpg\"><img loading=\"lazy\" decoding=\"async\" class=\"alignleft size-full wp-image-3836\" src=\"https:\/\/rcn-ong.be\/wp-content\/uploads\/2015\/05\/Appui-\u00e0-la-transition-vers-un-\u00e9tat-de-droit.jpg\" alt=\"Appui \u00e0 la transition vers un \u00e9tat de droit\" width=\"250\" height=\"188\" srcset=\"https:\/\/rcn-ong.be\/wp-content\/uploads\/2015\/05\/Appui-\u00e0-la-transition-vers-un-\u00e9tat-de-droit.jpg 250w, https:\/\/rcn-ong.be\/wp-content\/uploads\/2015\/05\/Appui-\u00e0-la-transition-vers-un-\u00e9tat-de-droit-100x75.jpg 100w, https:\/\/rcn-ong.be\/wp-content\/uploads\/2015\/05\/Appui-\u00e0-la-transition-vers-un-\u00e9tat-de-droit-150x113.jpg 150w, https:\/\/rcn-ong.be\/wp-content\/uploads\/2015\/05\/Appui-\u00e0-la-transition-vers-un-\u00e9tat-de-droit-200x150.jpg 200w\" sizes=\"auto, (max-width: 250px) 100vw, 250px\" \/><\/a>Le projet de RCN Justice &amp; D\u00e9mocratie \u00e0 Kinshasa avait pour objectif sp\u00e9cifique l\u2019am\u00e9lioration du traitement des affaires p\u00e9nales et la diminution des abus des agents de justice et de s\u00e9curit\u00e9 \u00e0 l\u2019encontre de la population.<\/p>\n<p>Ce programme visait <strong>trois r\u00e9sultats<\/strong>, sur le m\u00eame mod\u00e8le que le programme au Bas-Congo :<\/p>\n<ul>\n<li><strong>Les capacit\u00e9s et le sens des responsabilit\u00e9s des professionnels de justice sont renforc\u00e9s.<\/strong>\n<ul>\n<li>\u00a0Am\u00e9lioration du niveau technique des professionnels de la justice par des recyclages et la formation permanente ;<\/li>\n<li>augmentation des visites des amigos du ressort de la cour d\u2019appel de Matete par les magistrats ;<\/li>\n<li>augmentation des actes officiels (circulaires, notes de services) pos\u00e9s par les autorit\u00e9s comp\u00e9tentes pour am\u00e9liorer les services de justice (1er pr\u00e9sident et procureur g\u00e9n\u00e9ral pr\u00e8s la Cour d\u2019appel Kinshasa\/Matete).<\/li>\n<\/ul>\n<\/li>\n<li>\u00a0<strong>La soci\u00e9t\u00e9 civile et la population participent \u00e0 la mise en place d\u2019une justice de proximit\u00e9 de qualit\u00e9.<\/strong>\n<ul>\n<li>La population d\u00e9veloppe une meilleure r\u00e9sistance aux tracasseries et abus ;<\/li>\n<li>des ONG congolaises d\u00e9veloppent des projets communs soutenus par RCN Justice &amp; D\u00e9mocratie ;<\/li>\n<li>publication de rapports des ONG locales sur l\u2019observation de la qualit\u00e9 des services de justice de proximit\u00e9 ;<\/li>\n<li>vulgarisation de la loi aupr\u00e8s de la population (campagnes de th\u00e9\u00e2tre, radio, affichage etc.).<\/li>\n<\/ul>\n<\/li>\n<li><strong>Le rapprochement entre les professionnels de justice, la soci\u00e9t\u00e9 civile et la population est favoris\u00e9.<\/strong>\n<ul>\n<li>Au moins 2000 personnes participent aux journ\u00e9es portes ouvertes au sein des commissariats et tribunaux, et autres activit\u00e9s de rencontre\u00a0;<\/li>\n<li>des initiatives communes entre professionnels de justice et population sont men\u00e9es.<\/li>\n<\/ul>\n<\/li>\n<\/ul>\n","protected":false},"excerpt":{"rendered":"<p>&nbsp;<\/p>\n<p>RCN Justice &amp; D\u00e9mocratie a d\u00e9velopp\u00e9 un programme d\u2019appui \u00e0 la justice qui r\u00e9pondait aux attentes sp\u00e9cifiques de chaque province.<\/p>\n<p>Le projet <em>\u00ab Appui \u00e0 la justice de proximit\u00e9 et \u00e0 la s\u00e9curit\u00e9 des personnes \u00e0 Kinshasa \u00bb<\/em><\/p>\n<p><a href=\"https:\/\/rcn-ong.be\/wp-content\/uploads\/2015\/05\/Appui-\u00e0-la-transition-vers-un-\u00e9tat-de-droit.jpg\"><img loading=\"lazy\" decoding=\"async\" class=\"alignleft size-full wp-image-3836\" src=\"https:\/\/rcn-ong.be\/wp-content\/uploads\/2015\/05\/Appui-\u00e0-la-transition-vers-un-\u00e9tat-de-droit.jpg\" alt=\"Appui \u00e0 la transition vers un \u00e9tat de droit\" width=\"250\" height=\"188\" srcset=\"https:\/\/rcn-ong.be\/wp-content\/uploads\/2015\/05\/Appui-\u00e0-la-transition-vers-un-\u00e9tat-de-droit.jpg 250w, https:\/\/rcn-ong.be\/wp-content\/uploads\/2015\/05\/Appui-\u00e0-la-transition-vers-un-\u00e9tat-de-droit-100x75.jpg 100w, https:\/\/rcn-ong.be\/wp-content\/uploads\/2015\/05\/Appui-\u00e0-la-transition-vers-un-\u00e9tat-de-droit-150x113.jpg 150w, https:\/\/rcn-ong.be\/wp-content\/uploads\/2015\/05\/Appui-\u00e0-la-transition-vers-un-\u00e9tat-de-droit-200x150.jpg 200w\" sizes=\"auto, (max-width: 250px) 100vw, 250px\" \/><\/a>Le projet de RCN Justice &amp;<\/p>\n<p><span class=\"ellipsis\">&hellip;<\/span><\/p>\n<div class=\"read-more\"><a href=\"https:\/\/rcn-ong.be\/en\/que-faisons-nous\/nos-pays-d-intervention\/republique-democratique-du-congo\/realisations-anterieures\/appui-a-la-transition-vers-un-etat-de-droit-a-la-justice-de-proximite-et-a-la-pacification-sociale\/\">Read more &#8250;<\/a><\/div>\n<p><!-- end of .read-more --><\/p>\n","protected":false},"author":3,"featured_media":0,"parent":2964,"menu_order":0,"comment_status":"open","ping_status":"open","template":"sidebar-content-page.php","meta":{"footnotes":""},"class_list":["post-3015","page","type-page","status-publish","hentry"],"_links":{"self":[{"href":"https:\/\/rcn-ong.be\/en\/wp-json\/wp\/v2\/pages\/3015","targetHints":{"allow":["GET"]}}],"collection":[{"href":"https:\/\/rcn-ong.be\/en\/wp-json\/wp\/v2\/pages"}],"about":[{"href":"https:\/\/rcn-ong.be\/en\/wp-json\/wp\/v2\/types\/page"}],"author":[{"embeddable":true,"href":"https:\/\/rcn-ong.be\/en\/wp-json\/wp\/v2\/users\/3"}],"replies":[{"embeddable":true,"href":"https:\/\/rcn-ong.be\/en\/wp-json\/wp\/v2\/comments?post=3015"}],"version-history":[{"count":8,"href":"https:\/\/rcn-ong.be\/en\/wp-json\/wp\/v2\/pages\/3015\/revisions"}],"predecessor-version":[{"id":3851,"href":"https:\/\/rcn-ong.be\/en\/wp-json\/wp\/v2\/pages\/3015\/revisions\/3851"}],"up":[{"embeddable":true,"href":"https:\/\/rcn-ong.be\/en\/wp-json\/wp\/v2\/pages\/2964"}],"wp:attachment":[{"href":"https:\/\/rcn-ong.be\/en\/wp-json\/wp\/v2\/media?parent=3015"}],"curies":[{"name":"wp","href":"https:\/\/api.w.org\/{rel}","templated":true}]}}

&#8220;Appui à la transition vers un état de droit, à la justice de proximité et à la pacification sociale&#8221;

<p>&nbsp;</p>
<p>RCN Justice &amp; Démocratie a développé un programme d’appui à la justice qui répondait aux attentes spécifiques de chaque province.</p>
<p>Le projet <em>« Appui à la justice de proximité et à la sécurité des personnes à Kinshasa »</em></p>
<p><a href="https://rcn-ong.be/wp-content/uploads/2015/05/Appui-à-la-transition-vers-un-état-de-droit.jpg"><img loading="lazy" decoding="async" class="alignleft size-full wp-image-3836" src="https://rcn-ong.be/wp-content/uploads/2015/05/Appui-à-la-transition-vers-un-état-de-droit.jpg" alt="Appui à la transition vers un état de droit" width="250" height="188" srcset="https://rcn-ong.be/wp-content/uploads/2015/05/Appui-à-la-transition-vers-un-état-de-droit.jpg 250w, https://rcn-ong.be/wp-content/uploads/2015/05/Appui-à-la-transition-vers-un-état-de-droit-100x75.jpg 100w, https://rcn-ong.be/wp-content/uploads/2015/05/Appui-à-la-transition-vers-un-état-de-droit-150x113.jpg 150w, https://rcn-ong.be/wp-content/uploads/2015/05/Appui-à-la-transition-vers-un-état-de-droit-200x150.jpg 200w" sizes="auto, (max-width: 250px) 100vw, 250px" /></a>Le projet de RCN Justice &amp; Démocratie à Kinshasa avait pour objectif spécifique l’amélioration du traitement des affaires pénales et la diminution des abus des agents de justice et de sécurité à l’encontre de la population.</p>
<p>Ce programme visait <strong>trois résultats</strong>, sur le même modèle que le programme au Bas-Congo :</p>
<ul>
<li><strong>Les capacités et le sens des responsabilités des professionnels de justice sont renforcés.</strong>
<ul>
<li> Amélioration du niveau technique des professionnels de la justice par des recyclages et la formation permanente ;</li>
<li>augmentation des visites des amigos du ressort de la cour d’appel de Matete par les magistrats ;</li>
<li>augmentation des actes officiels (circulaires, notes de services) posés par les autorités compétentes pour améliorer les services de justice (1er président et procureur général près la Cour d’appel Kinshasa/Matete).</li>
</ul>
</li>
<li> <strong>La société civile et la population participent à la mise en place d’une justice de proximité de qualité.</strong>
<ul>
<li>La population développe une meilleure résistance aux tracasseries et abus ;</li>
<li>des ONG congolaises développent des projets communs soutenus par RCN Justice &amp; Démocratie ;</li>
<li>publication de rapports des ONG locales sur l’observation de la qualité des services de justice de proximité ;</li>
<li>vulgarisation de la loi auprès de la population (campagnes de théâtre, radio, affichage etc.).</li>
</ul>
</li>
<li><strong>Le rapprochement entre les professionnels de justice, la société civile et la population est favorisé.</strong>
<ul>
<li>Au moins 2000 personnes participent aux journées portes ouvertes au sein des commissariats et tribunaux, et autres activités de rencontre ;</li>
<li>des initiatives communes entre professionnels de justice et population sont menées.</li>
</ul>
</li>
</ul>

<p>&nbsp;</p>
<p>RCN Justice &amp; Démocratie a développé un programme d’appui à la justice qui répondait aux attentes spécifiques de chaque province.</p>
<p>Le projet <em>« Appui à la justice de proximité et à la sécurité des personnes à Kinshasa »</em></p>
<p><a href="https://rcn-ong.be/wp-content/uploads/2015/05/Appui-à-la-transition-vers-un-état-de-droit.jpg"><img loading="lazy" decoding="async" class="alignleft size-full wp-image-3836" src="https://rcn-ong.be/wp-content/uploads/2015/05/Appui-à-la-transition-vers-un-état-de-droit.jpg" alt="Appui à la transition vers un état de droit" width="250" height="188" srcset="https://rcn-ong.be/wp-content/uploads/2015/05/Appui-à-la-transition-vers-un-état-de-droit.jpg 250w, https://rcn-ong.be/wp-content/uploads/2015/05/Appui-à-la-transition-vers-un-état-de-droit-100x75.jpg 100w, https://rcn-ong.be/wp-content/uploads/2015/05/Appui-à-la-transition-vers-un-état-de-droit-150x113.jpg 150w, https://rcn-ong.be/wp-content/uploads/2015/05/Appui-à-la-transition-vers-un-état-de-droit-200x150.jpg 200w" sizes="auto, (max-width: 250px) 100vw, 250px" /></a>Le projet de RCN Justice &amp;</p>
<p><span class="ellipsis">&hellip;</span></p>
<div class="read-more"><a href="https://rcn-ong.be/en/que-faisons-nous/nos-pays-d-intervention/republique-democratique-du-congo/realisations-anterieures/appui-a-la-transition-vers-un-etat-de-droit-a-la-justice-de-proximite-et-a-la-pacification-sociale/">Read more &#8250;</a></div>
<p><!-- end of .read-more --></p>
