{"id":5430,"date":"2020-01-21T13:47:59","date_gmt":"2020-01-21T11:47:59","guid":{"rendered":"https:\/\/rcn-ong.be\/?page_id=5430"},"modified":"2025-04-22T16:54:51","modified_gmt":"2025-04-22T14:54:51","slug":"module-2-je-suis-sans-te-suivre","status":"publish","type":"page","link":"https:\/\/rcn-ong.be\/en\/que-faisons-nous\/nos-outils-pedagogiques\/module-2-je-suis-sans-te-suivre\/","title":{"rendered":"Module 2 &#8211; Je suis, sans te suivre"},"content":{"rendered":"<p><span style=\"color: #808080;\"><em>Derni\u00e8re mise \u00e0 jour Janvier 2024<\/em><\/span><\/p>\n\n\n<p>Dans nos modules interactifs et participatifs nous abordons des diff\u00e9rentes th\u00e9matiques\u00a0; des crimes internationaux ici et ailleurs et leurs cons\u00e9quences, les m\u00e9canismes qui m\u00e8nent \u00e0 l\u2019extr\u00e9misme, l\u2019exclusion et la violence et la reconstruction d\u2019une citoyennet\u00e9 critique, active et engag\u00e9e.<\/p>\n\n\n\n<figure class=\"wp-block-image size-large is-resized\"><img loading=\"lazy\" decoding=\"async\" src=\"https:\/\/rcn-ong.be\/wp-content\/uploads\/2023\/08\/Capture-decran-2023-08-04-141008.png\" alt=\"\" class=\"wp-image-9008\" width=\"540\" height=\"452\" srcset=\"https:\/\/rcn-ong.be\/wp-content\/uploads\/2023\/08\/Capture-decran-2023-08-04-141008.png 822w, https:\/\/rcn-ong.be\/wp-content\/uploads\/2023\/08\/Capture-decran-2023-08-04-141008-300x252.png 300w, https:\/\/rcn-ong.be\/wp-content\/uploads\/2023\/08\/Capture-decran-2023-08-04-141008-100x84.png 100w, https:\/\/rcn-ong.be\/wp-content\/uploads\/2023\/08\/Capture-decran-2023-08-04-141008-150x126.png 150w, https:\/\/rcn-ong.be\/wp-content\/uploads\/2023\/08\/Capture-decran-2023-08-04-141008-200x168.png 200w, https:\/\/rcn-ong.be\/wp-content\/uploads\/2023\/08\/Capture-decran-2023-08-04-141008-450x378.png 450w\" sizes=\"auto, (max-width: 540px) 100vw, 540px\" \/><\/figure>\n\n\n\n<p class=\"has-small-font-size\"><em>Illustration : Tyler Carpenter<\/em><\/p>\n\n\n\n<p>Dans la rue, \u00e0 la gare ou \u00e0 l\u2019\u00e9cole, vous \u00eates t\u00e9moin de harc\u00e8lement. Est-ce que vous r\u00e9agissez ? Pourquoi intervenons-nous dans certaines situations, mais pas dans d\u2019autres ? En analysant diff\u00e9rents ph\u00e9nom\u00e8nes susceptibles de transformer des personnes ordinaires en bourreaux (conformisme, effet de groupe, soumission l\u2019autorit\u00e9, effet t\u00e9moin\u2026) nous voulons aider les jeunes \u00e0 les d\u00e9tecter et \u00e0 s\u2019en prot\u00e9ger.<\/p>\n\n\n\n<p class=\"has-text-color\" style=\"font-size:17px;color:#ff0000\"><strong><a href=\"mailto:pedagogie@rcn-ong.be\" target=\"_blank\" rel=\"noreferrer noopener\">Je r\u00e9serve ce module !<\/a><\/strong><\/p>\n\n\n\n<p><\/p>\n\n\n\n<h4 class=\"wp-block-heading\">Manuel du professeur et support <\/h4>\n\n\n\n<ul class=\"wp-block-list\"><li><a rel=\"noreferrer noopener\" href=\"https:\/\/rcn-ong.be\/wp-content\/uploads\/2021\/01\/1.-Manuel-pour-le-prof-2-Je-suis-sans-te-suivre-1.pdf\" data-type=\"URL\" data-id=\"https:\/\/rcn-ong.be\/wp-content\/uploads\/2021\/01\/1.-Manuel-pour-le-prof-2-Je-suis-sans-te-suivre-1.pdf\" target=\"_blank\">Manuel du professeur &#8211; Module 2 : Je suis sans te suivre!<\/a><\/li><li><a rel=\"noreferrer noopener\" href=\"https:\/\/prezi.com\/view\/bJrUHD7TV78Cbk1G39Z2\/\" target=\"_blank\">Prezi &#8211; Module 2<\/a><\/li><li><a rel=\"noreferrer noopener\" href=\"https:\/\/quizizz.com\/join?gc=28521612\" target=\"_blank\">Quizizz Module 2<\/a><\/li><li><a rel=\"noreferrer noopener\" href=\"https:\/\/rcn-ong.be\/wp-content\/uploads\/2021\/03\/Si-cest-la-cest-ici_E2-vout.pdf\" target=\"_blank\">Exploitation vid\u00e9o &#8220;Les m\u00e9canismes qui m\u00e8nent aux violences de masse&#8221;<\/a><\/li><\/ul>\n\n\n\n<h4 class=\"wp-block-heading\">Outils<\/h4>\n\n\n\n<ul class=\"wp-block-list\"><li><a rel=\"noreferrer noopener\" href=\"https:\/\/rcn-ong.be\/wp-content\/uploads\/2020\/08\/14.-Outil-p\u00e9dagogique-Comment-r\u00e9agirais-tu-si...pdf\" data-type=\"URL\" data-id=\"https:\/\/rcn-ong.be\/wp-content\/uploads\/2020\/08\/14.-Outil-p\u00e9dagogique-Comment-r\u00e9agirais-tu-si...pdf\" target=\"_blank\">Outil p\u00e9dagogique &#8211; Comment r\u00e9agirais-tu si&#8230;<\/a><\/li><li><a rel=\"noreferrer noopener\" href=\"https:\/\/rcn-ong.be\/wp-content\/uploads\/2020\/08\/13.-Biographie-de-Thong-Hoeung-Ong.pdf\" data-type=\"URL\" data-id=\"https:\/\/rcn-ong.be\/wp-content\/uploads\/2020\/08\/13.-Biographie-de-Thong-Hoeung-Ong.pdf\" target=\"_blank\">Biographie de Thong Hoeung Ong<\/a><\/li><\/ul>\n\n\n\n<h4 class=\"wp-block-heading\">T\u00e9moignages<\/h4>\n\n\n\n<ul class=\"wp-block-list\"><li><a rel=\"noreferrer noopener\" aria-label=\" (s\u2019ouvre dans un nouvel onglet)\" href=\"https:\/\/www.youtube.com\/watch?v=N7E_PRv646g&amp;list=PLC4CJPOFGPqqoTDUQlk3encF9n3czye4z&amp;index=2\" target=\"_blank\">Si c&#8217;est l\u00e0, c&#8217;est ici &#8211; \u00e9pisode 2 : &#8220;Les m\u00e9canismes qui m\u00e8nent aux violences de masse&#8221;<\/a><\/li><li><a rel=\"noreferrer noopener\" href=\"https:\/\/rcn-ong.be\/wp-content\/uploads\/2021\/01\/Fiche-contextuelle-pour-les-temoignages-video-1.pdf\" data-type=\"URL\" data-id=\"https:\/\/rcn-ong.be\/wp-content\/uploads\/2021\/01\/Fiche-contextuelle-pour-les-temoignages-video-1.pdf\" target=\"_blank\">Fiche contextuelle pour les t\u00e9moignages vid\u00e9os<\/a><\/li><\/ul>\n\n\n\n<h4 class=\"wp-block-heading\">Fiches th\u00e9matiques<\/h4>\n\n\n\n<ul class=\"wp-block-list\"><li><a rel=\"noreferrer noopener\" href=\"https:\/\/rcn-ong.be\/wp-content\/uploads\/2020\/02\/5.-Fiche-Les-m\u00e9canismes-collectifs-menant-\u00e0-la-violence-de-masse.pdf\" data-type=\"URL\" data-id=\"https:\/\/rcn-ong.be\/wp-content\/uploads\/2020\/02\/5.-Fiche-Les-m\u00e9canismes-collectifs-menant-\u00e0-la-violence-de-masse.pdf\" target=\"_blank\">Les m\u00e9canismes collectifs menant aux violences de masse<\/a><\/li><li><a rel=\"noreferrer noopener\" href=\"https:\/\/rcn-ong.be\/wp-content\/uploads\/2020\/02\/4.-Fiche-Education-\u00e0-la-m\u00e9moire-et-ECMS-1.pdf\" data-type=\"URL\" data-id=\"https:\/\/rcn-ong.be\/wp-content\/uploads\/2020\/02\/4.-Fiche-Education-\u00e0-la-m\u00e9moire-et-ECMS-1.pdf\" target=\"_blank\">Education \u00e0 la m\u00e9moire et ECMS<\/a><\/li><\/ul>\n\n\n\n<h4 class=\"wp-block-heading\">Fiche contexte<\/h4>\n\n\n\n<p><a href=\"https:\/\/rcn-ong.be\/wp-content\/uploads\/2024\/01\/Fiche-Les-crimes-du-regime-Khmer-Rouge-au-Cambodge.pdf\" target=\"_blank\" rel=\"noreferrer noopener\">Les crimes du r\u00e9gime Khmer Rouge au Cambodge<\/a><\/p>\n\n\n\n<h4 class=\"wp-block-heading\">Vid\u00e9os<\/h4>\n\n\n\n<figure class=\"wp-block-video\"><video controls src=\"https:\/\/rcn-ong.be\/wp-content\/uploads\/2020\/02\/Pas-le-droit-de-me-taire-1.mp4\"><\/video><figcaption>Pas le droit de me taire &#8211; partie 1<\/figcaption><\/figure>\n\n\n\n<figure class=\"wp-block-embed-youtube wp-block-embed is-type-video is-provider-youtube wp-embed-aspect-4-3 wp-has-aspect-ratio\"><div class=\"wp-block-embed__wrapper\">\n<iframe loading=\"lazy\" title=\"Pas le droit de me taire (2)\" width=\"605\" height=\"454\" src=\"https:\/\/www.youtube.com\/embed\/3IMAp7OcdgY?feature=oembed\" frameborder=\"0\" allow=\"accelerometer; autoplay; clipboard-write; encrypted-media; gyroscope; picture-in-picture; web-share\" referrerpolicy=\"strict-origin-when-cross-origin\" allowfullscreen><\/iframe>\n<\/div><figcaption>Pas le droit de me taire &#8211; partie 2<\/figcaption><\/figure>\n\n\n\n<figure class=\"wp-block-embed-youtube wp-block-embed is-type-video is-provider-youtube wp-embed-aspect-16-9 wp-has-aspect-ratio\"><div class=\"wp-block-embed__wrapper\">\n<iframe loading=\"lazy\" title=\"Pas le droit de me taire (3)\" width=\"605\" height=\"340\" src=\"https:\/\/www.youtube.com\/embed\/gFapIsGAGCc?feature=oembed\" frameborder=\"0\" allow=\"accelerometer; autoplay; clipboard-write; encrypted-media; gyroscope; picture-in-picture; web-share\" referrerpolicy=\"strict-origin-when-cross-origin\" allowfullscreen><\/iframe>\n<\/div><figcaption>Pas le droit de me taire &#8211; partie 3<\/figcaption><\/figure>\n\n\n\n<figure class=\"wp-block-video\"><video controls src=\"https:\/\/rcn-ong.be\/wp-content\/uploads\/2020\/02\/6.-Leffet-t\u00e9moin-bon-samaritain.mp4\"><\/video><figcaption>6. L&#8217;effet t\u00e9moin : le bon samaritain<\/figcaption><\/figure>\n\n\n\n<figure class=\"wp-block-video\"><video controls src=\"https:\/\/rcn-ong.be\/wp-content\/uploads\/2020\/02\/7.-Lexperience-de-Asch-Le-Conformisme.mp4\"><\/video><figcaption>7. L&#8217;exp\u00e9rience de Asch : Le conformisme<\/figcaption><\/figure>\n\n\n\n<figure class=\"wp-block-video\"><video controls src=\"https:\/\/rcn-ong.be\/wp-content\/uploads\/2020\/02\/8.-Exp\u00e9rience-salle-attente.mp4\"><\/video><figcaption>8. Exp\u00e9rience du conformisme : la salle d&#8217;attente<\/figcaption><\/figure>\n\n\n\n<figure class=\"wp-block-video\"><video controls src=\"https:\/\/rcn-ong.be\/wp-content\/uploads\/2020\/02\/9.-Ascenseur.mp4\"><\/video><figcaption>9. Exp\u00e9rience de l&#8217;ascenseur<\/figcaption><\/figure>\n\n\n\n<figure class=\"wp-block-video\"><video controls src=\"https:\/\/rcn-ong.be\/wp-content\/uploads\/2020\/02\/10.-Batterie-quartier.mp4\"><\/video><figcaption>10. Exp\u00e9rience de l&#8217;effet t\u00e9moin :  Jouer de la batterie dans son quartier<\/figcaption><\/figure>\n\n\n\n<figure class=\"wp-block-video\"><video controls src=\"https:\/\/rcn-ong.be\/wp-content\/uploads\/2020\/02\/11.-intro-exp\u00e9rience-bxl.mp4\"><\/video><figcaption>11. Exp\u00e9rience \u00e0 Bruxelles : Harc\u00e8lement \u00e0 l&#8217;arr\u00eat<\/figcaption><\/figure>\n\n\n\n<figure class=\"wp-block-video aligncenter\"><video controls src=\"https:\/\/rcn-ong.be\/wp-content\/uploads\/2020\/02\/11.-ccl-exp\u00e9rience-bxl.wmv\"><\/video><figcaption>11. Exp\u00e9rience \u00e0 Bruxelles : fin<\/figcaption><\/figure>\n\n\n\n<figure class=\"wp-block-video\"><video controls src=\"https:\/\/rcn-ong.be\/wp-content\/uploads\/2020\/02\/12.-Milgram.mp4\"><\/video><figcaption>12. Exp\u00e9rience de Milgram<\/figcaption><\/figure>\n","protected":false},"excerpt":{"rendered":"<p><span style=\"color: #808080;\"><em>Derni\u00e8re mise \u00e0 jour Janvier 2024<\/em><\/span><\/p>\n<p>Dans nos modules interactifs et participatifs nous abordons des diff\u00e9rentes th\u00e9matiques\u00a0; des crimes internationaux ici et ailleurs et leurs cons\u00e9quences, les m\u00e9canismes qui m\u00e8nent \u00e0 l\u2019extr\u00e9misme, l\u2019exclusion et la violence et la reconstruction d\u2019une citoyennet\u00e9 critique,<\/p>\n<p><span class=\"ellipsis\">&hellip;<\/span><\/p>\n<div class=\"read-more\"><a href=\"https:\/\/rcn-ong.be\/en\/que-faisons-nous\/nos-outils-pedagogiques\/module-2-je-suis-sans-te-suivre\/\">Read more &#8250;<\/a><\/div>\n<p><!-- end of .read-more --><\/p>\n","protected":false},"author":3,"featured_media":0,"parent":2071,"menu_order":0,"comment_status":"closed","ping_status":"closed","template":"","meta":{"footnotes":""},"class_list":["post-5430","page","type-page","status-publish","hentry"],"_links":{"self":[{"href":"https:\/\/rcn-ong.be\/en\/wp-json\/wp\/v2\/pages\/5430","targetHints":{"allow":["GET"]}}],"collection":[{"href":"https:\/\/rcn-ong.be\/en\/wp-json\/wp\/v2\/pages"}],"about":[{"href":"https:\/\/rcn-ong.be\/en\/wp-json\/wp\/v2\/types\/page"}],"author":[{"embeddable":true,"href":"https:\/\/rcn-ong.be\/en\/wp-json\/wp\/v2\/users\/3"}],"replies":[{"embeddable":true,"href":"https:\/\/rcn-ong.be\/en\/wp-json\/wp\/v2\/comments?post=5430"}],"version-history":[{"count":44,"href":"https:\/\/rcn-ong.be\/en\/wp-json\/wp\/v2\/pages\/5430\/revisions"}],"predecessor-version":[{"id":11696,"href":"https:\/\/rcn-ong.be\/en\/wp-json\/wp\/v2\/pages\/5430\/revisions\/11696"}],"up":[{"embeddable":true,"href":"https:\/\/rcn-ong.be\/en\/wp-json\/wp\/v2\/pages\/2071"}],"wp:attachment":[{"href":"https:\/\/rcn-ong.be\/en\/wp-json\/wp\/v2\/media?parent=5430"}],"curies":[{"name":"wp","href":"https:\/\/api.w.org\/{rel}","templated":true}]}}

<p><span style="color: #808080;"><em>Dernière mise à jour Janvier 2024</em></span></p>


<p>Dans nos modules interactifs et participatifs nous abordons des différentes thématiques ; des crimes internationaux ici et ailleurs et leurs conséquences, les mécanismes qui mènent à l’extrémisme, l’exclusion et la violence et la reconstruction d’une citoyenneté critique, active et engagée.</p>



<figure class="wp-block-image size-large is-resized"><img loading="lazy" decoding="async" src="https://rcn-ong.be/wp-content/uploads/2023/08/Capture-decran-2023-08-04-141008.png" alt="" class="wp-image-9008" width="540" height="452" srcset="https://rcn-ong.be/wp-content/uploads/2023/08/Capture-decran-2023-08-04-141008.png 822w, https://rcn-ong.be/wp-content/uploads/2023/08/Capture-decran-2023-08-04-141008-300x252.png 300w, https://rcn-ong.be/wp-content/uploads/2023/08/Capture-decran-2023-08-04-141008-100x84.png 100w, https://rcn-ong.be/wp-content/uploads/2023/08/Capture-decran-2023-08-04-141008-150x126.png 150w, https://rcn-ong.be/wp-content/uploads/2023/08/Capture-decran-2023-08-04-141008-200x168.png 200w, https://rcn-ong.be/wp-content/uploads/2023/08/Capture-decran-2023-08-04-141008-450x378.png 450w" sizes="auto, (max-width: 540px) 100vw, 540px" /></figure>



<p class="has-small-font-size"><em>Illustration : Tyler Carpenter</em></p>



<p>Dans la rue, à la gare ou à l’école, vous êtes témoin de harcèlement. Est-ce que vous réagissez ? Pourquoi intervenons-nous dans certaines situations, mais pas dans d’autres ? En analysant différents phénomènes susceptibles de transformer des personnes ordinaires en bourreaux (conformisme, effet de groupe, soumission l’autorité, effet témoin…) nous voulons aider les jeunes à les détecter et à s’en protéger.</p>



<p class="has-text-color" style="font-size:17px;color:#ff0000"><strong><a href="mailto:pedagogie@rcn-ong.be" target="_blank" rel="noreferrer noopener">Je réserve ce module !</a></strong></p>



<p></p>



<h4 class="wp-block-heading">Manuel du professeur et support </h4>



<ul class="wp-block-list"><li><a rel="noreferrer noopener" href="https://rcn-ong.be/wp-content/uploads/2021/01/1.-Manuel-pour-le-prof-2-Je-suis-sans-te-suivre-1.pdf" data-type="URL" data-id="https://rcn-ong.be/wp-content/uploads/2021/01/1.-Manuel-pour-le-prof-2-Je-suis-sans-te-suivre-1.pdf" target="_blank">Manuel du professeur &#8211; Module 2 : Je suis sans te suivre!</a></li><li><a rel="noreferrer noopener" href="https://prezi.com/view/bJrUHD7TV78Cbk1G39Z2/" target="_blank">Prezi &#8211; Module 2</a></li><li><a rel="noreferrer noopener" href="https://quizizz.com/join?gc=28521612" target="_blank">Quizizz Module 2</a></li><li><a rel="noreferrer noopener" href="https://rcn-ong.be/wp-content/uploads/2021/03/Si-cest-la-cest-ici_E2-vout.pdf" target="_blank">Exploitation vidéo &#8220;Les mécanismes qui mènent aux violences de masse&#8221;</a></li></ul>



<h4 class="wp-block-heading">Outils</h4>



<ul class="wp-block-list"><li><a rel="noreferrer noopener" href="https://rcn-ong.be/wp-content/uploads/2020/08/14.-Outil-pédagogique-Comment-réagirais-tu-si...pdf" data-type="URL" data-id="https://rcn-ong.be/wp-content/uploads/2020/08/14.-Outil-pédagogique-Comment-réagirais-tu-si...pdf" target="_blank">Outil pédagogique &#8211; Comment réagirais-tu si&#8230;</a></li><li><a rel="noreferrer noopener" href="https://rcn-ong.be/wp-content/uploads/2020/08/13.-Biographie-de-Thong-Hoeung-Ong.pdf" data-type="URL" data-id="https://rcn-ong.be/wp-content/uploads/2020/08/13.-Biographie-de-Thong-Hoeung-Ong.pdf" target="_blank">Biographie de Thong Hoeung Ong</a></li></ul>



<h4 class="wp-block-heading">Témoignages</h4>



<ul class="wp-block-list"><li><a rel="noreferrer noopener" aria-label=" (s’ouvre dans un nouvel onglet)" href="https://www.youtube.com/watch?v=N7E_PRv646g&amp;list=PLC4CJPOFGPqqoTDUQlk3encF9n3czye4z&amp;index=2" target="_blank">Si c&#8217;est là, c&#8217;est ici &#8211; épisode 2 : &#8220;Les mécanismes qui mènent aux violences de masse&#8221;</a></li><li><a rel="noreferrer noopener" href="https://rcn-ong.be/wp-content/uploads/2021/01/Fiche-contextuelle-pour-les-temoignages-video-1.pdf" data-type="URL" data-id="https://rcn-ong.be/wp-content/uploads/2021/01/Fiche-contextuelle-pour-les-temoignages-video-1.pdf" target="_blank">Fiche contextuelle pour les témoignages vidéos</a></li></ul>



<h4 class="wp-block-heading">Fiches thématiques</h4>



<ul class="wp-block-list"><li><a rel="noreferrer noopener" href="https://rcn-ong.be/wp-content/uploads/2020/02/5.-Fiche-Les-mécanismes-collectifs-menant-à-la-violence-de-masse.pdf" data-type="URL" data-id="https://rcn-ong.be/wp-content/uploads/2020/02/5.-Fiche-Les-mécanismes-collectifs-menant-à-la-violence-de-masse.pdf" target="_blank">Les mécanismes collectifs menant aux violences de masse</a></li><li><a rel="noreferrer noopener" href="https://rcn-ong.be/wp-content/uploads/2020/02/4.-Fiche-Education-à-la-mémoire-et-ECMS-1.pdf" data-type="URL" data-id="https://rcn-ong.be/wp-content/uploads/2020/02/4.-Fiche-Education-à-la-mémoire-et-ECMS-1.pdf" target="_blank">Education à la mémoire et ECMS</a></li></ul>



<h4 class="wp-block-heading">Fiche contexte</h4>



<p><a href="https://rcn-ong.be/wp-content/uploads/2024/01/Fiche-Les-crimes-du-regime-Khmer-Rouge-au-Cambodge.pdf" target="_blank" rel="noreferrer noopener">Les crimes du régime Khmer Rouge au Cambodge</a></p>



<h4 class="wp-block-heading">Vidéos</h4>



<figure class="wp-block-video"><video controls src="https://rcn-ong.be/wp-content/uploads/2020/02/Pas-le-droit-de-me-taire-1.mp4"></video><figcaption>Pas le droit de me taire &#8211; partie 1</figcaption></figure>



<figure class="wp-block-embed-youtube wp-block-embed is-type-video is-provider-youtube wp-embed-aspect-4-3 wp-has-aspect-ratio"><div class="wp-block-embed__wrapper">
<iframe loading="lazy" title="Pas le droit de me taire (2)" width="605" height="454" src="https://www.youtube.com/embed/3IMAp7OcdgY?feature=oembed" frameborder="0" allow="accelerometer; autoplay; clipboard-write; encrypted-media; gyroscope; picture-in-picture; web-share" referrerpolicy="strict-origin-when-cross-origin" allowfullscreen></iframe>
</div><figcaption>Pas le droit de me taire &#8211; partie 2</figcaption></figure>



<figure class="wp-block-embed-youtube wp-block-embed is-type-video is-provider-youtube wp-embed-aspect-16-9 wp-has-aspect-ratio"><div class="wp-block-embed__wrapper">
<iframe loading="lazy" title="Pas le droit de me taire (3)" width="605" height="340" src="https://www.youtube.com/embed/gFapIsGAGCc?feature=oembed" frameborder="0" allow="accelerometer; autoplay; clipboard-write; encrypted-media; gyroscope; picture-in-picture; web-share" referrerpolicy="strict-origin-when-cross-origin" allowfullscreen></iframe>
</div><figcaption>Pas le droit de me taire &#8211; partie 3</figcaption></figure>



<figure class="wp-block-video"><video controls src="https://rcn-ong.be/wp-content/uploads/2020/02/6.-Leffet-témoin-bon-samaritain.mp4"></video><figcaption>6. L&#8217;effet témoin : le bon samaritain</figcaption></figure>



<figure class="wp-block-video"><video controls src="https://rcn-ong.be/wp-content/uploads/2020/02/7.-Lexperience-de-Asch-Le-Conformisme.mp4"></video><figcaption>7. L&#8217;expérience de Asch : Le conformisme</figcaption></figure>



<figure class="wp-block-video"><video controls src="https://rcn-ong.be/wp-content/uploads/2020/02/8.-Expérience-salle-attente.mp4"></video><figcaption>8. Expérience du conformisme : la salle d&#8217;attente</figcaption></figure>



<figure class="wp-block-video"><video controls src="https://rcn-ong.be/wp-content/uploads/2020/02/9.-Ascenseur.mp4"></video><figcaption>9. Expérience de l&#8217;ascenseur</figcaption></figure>



<figure class="wp-block-video"><video controls src="https://rcn-ong.be/wp-content/uploads/2020/02/10.-Batterie-quartier.mp4"></video><figcaption>10. Expérience de l&#8217;effet témoin :  Jouer de la batterie dans son quartier</figcaption></figure>



<figure class="wp-block-video"><video controls src="https://rcn-ong.be/wp-content/uploads/2020/02/11.-intro-expérience-bxl.mp4"></video><figcaption>11. Expérience à Bruxelles : Harcèlement à l&#8217;arrêt</figcaption></figure>



<figure class="wp-block-video aligncenter"><video controls src="https://rcn-ong.be/wp-content/uploads/2020/02/11.-ccl-expérience-bxl.wmv"></video><figcaption>11. Expérience à Bruxelles : fin</figcaption></figure>



<figure class="wp-block-video"><video controls src="https://rcn-ong.be/wp-content/uploads/2020/02/12.-Milgram.mp4"></video><figcaption>12. Expérience de Milgram</figcaption></figure>

<p><span style="color: #808080;"><em>Dernière mise à jour Janvier 2024</em></span></p>
<p>Dans nos modules interactifs et participatifs nous abordons des différentes thématiques ; des crimes internationaux ici et ailleurs et leurs conséquences, les mécanismes qui mènent à l’extrémisme, l’exclusion et la violence et la reconstruction d’une citoyenneté critique,</p>
<p><span class="ellipsis">&hellip;</span></p>
<div class="read-more"><a href="https://rcn-ong.be/en/que-faisons-nous/nos-outils-pedagogiques/module-2-je-suis-sans-te-suivre/">Read more &#8250;</a></div>
<p><!-- end of .read-more --></p>
