{"id":5435,"date":"2020-01-22T14:46:42","date_gmt":"2020-01-22T12:46:42","guid":{"rendered":"https:\/\/rcn-ong.be\/?page_id=5435"},"modified":"2025-04-22T16:56:12","modified_gmt":"2025-04-22T14:56:12","slug":"module-3-justice-et-lutte-contre-limpunite","status":"publish","type":"page","link":"https:\/\/rcn-ong.be\/en\/que-faisons-nous\/nos-outils-pedagogiques\/module-3-justice-et-lutte-contre-limpunite\/","title":{"rendered":"Module 3 &#8211; Justice et lutte contre l&#8217;impunit\u00e9"},"content":{"rendered":"<p><span style=\"color: #808080;\"><em>Derni\u00e8re mise \u00e0 jour Janvier 2024<\/em><\/span><\/p>\n\n\n<p>Dans nos modules interactifs et participatifs nous abordons diff\u00e9rentes th\u00e9matiques\u00a0: les crimes internationaux ici et ailleurs et leurs cons\u00e9quences, les m\u00e9canismes qui m\u00e8nent \u00e0 l\u2019extr\u00e9misme, l\u2019exclusion et la violence et la reconstruction d\u2019une citoyennet\u00e9 critique, active et engag\u00e9e.<\/p>\n\n\n\n<figure class=\"wp-block-image\"><img loading=\"lazy\" decoding=\"async\" width=\"1024\" height=\"683\" src=\"https:\/\/rcn-ong.be\/wp-content\/uploads\/2020\/03\/justice-2060093_1920-1024x683.jpg\" alt=\"\" class=\"wp-image-5840\" srcset=\"https:\/\/rcn-ong.be\/wp-content\/uploads\/2020\/03\/justice-2060093_1920-1024x683.jpg 1024w, https:\/\/rcn-ong.be\/wp-content\/uploads\/2020\/03\/justice-2060093_1920-300x200.jpg 300w, https:\/\/rcn-ong.be\/wp-content\/uploads\/2020\/03\/justice-2060093_1920-768x512.jpg 768w, https:\/\/rcn-ong.be\/wp-content\/uploads\/2020\/03\/justice-2060093_1920-100x67.jpg 100w, https:\/\/rcn-ong.be\/wp-content\/uploads\/2020\/03\/justice-2060093_1920-150x100.jpg 150w, https:\/\/rcn-ong.be\/wp-content\/uploads\/2020\/03\/justice-2060093_1920-200x133.jpg 200w, https:\/\/rcn-ong.be\/wp-content\/uploads\/2020\/03\/justice-2060093_1920-450x300.jpg 450w, https:\/\/rcn-ong.be\/wp-content\/uploads\/2020\/03\/justice-2060093_1920-600x400.jpg 600w, https:\/\/rcn-ong.be\/wp-content\/uploads\/2020\/03\/justice-2060093_1920-900x600.jpg 900w, https:\/\/rcn-ong.be\/wp-content\/uploads\/2020\/03\/justice-2060093_1920.jpg 1920w\" sizes=\"auto, (max-width: 1024px) 100vw, 1024px\" \/><figcaption><em>Statue repr\u00e9sentant la justice<\/em><\/figcaption><\/figure>\n\n\n\n<p>Rendre justice fait partie du processus de paix et de r\u00e9conciliation mais cet exercice, bien qu\u2019indispensable afin d\u2019offrir un espace de parole, de mettre des mots et noms sur les faits, reste souvent difficile. Comment rendre justice ? Comment \u00e9tablir les responsabilit\u00e9s de chacun ? Quels sont les m\u00e9canismes (inter)nationaux qui existent ? Comment la justice contribue-t-elle \u00e0 la reconstruction de la soci\u00e9t\u00e9 ? D\u00e9couvrons-le ensemble ! <\/p>\n\n\n<p><strong data-rich-text-format-boundary=\"true\">Nouveaut\u00e9 !<\/strong> D\u00e9couvrez aussi le<strong> jeu de r\u00f4le &#8211; Ubutabera, <\/strong>notre nouvel outil p\u00e9dagogique !<a href=\"https:\/\/rcn-ong.be\/que-faisons-nous\/nos-outils-pedagogiques\/module-3-justice-et-lutte-contre-limpunite\/jeu-de-role-ubutabera\/\"><img loading=\"lazy\" decoding=\"async\" class=\"size-medium wp-image-9521 alignright\" src=\"https:\/\/rcn-ong.be\/wp-content\/uploads\/2023\/08\/Ubutabera-2-300x176.jpeg\" alt=\"\" width=\"300\" height=\"176\" srcset=\"https:\/\/rcn-ong.be\/wp-content\/uploads\/2023\/08\/Ubutabera-2-300x176.jpeg 300w, https:\/\/rcn-ong.be\/wp-content\/uploads\/2023\/08\/Ubutabera-2-1024x599.jpeg 1024w, https:\/\/rcn-ong.be\/wp-content\/uploads\/2023\/08\/Ubutabera-2-768x450.jpeg 768w, https:\/\/rcn-ong.be\/wp-content\/uploads\/2023\/08\/Ubutabera-2-1536x899.jpeg 1536w, https:\/\/rcn-ong.be\/wp-content\/uploads\/2023\/08\/Ubutabera-2-2048x1199.jpeg 2048w, https:\/\/rcn-ong.be\/wp-content\/uploads\/2023\/08\/Ubutabera-2-100x59.jpeg 100w, https:\/\/rcn-ong.be\/wp-content\/uploads\/2023\/08\/Ubutabera-2-150x88.jpeg 150w, https:\/\/rcn-ong.be\/wp-content\/uploads\/2023\/08\/Ubutabera-2-200x117.jpeg 200w, https:\/\/rcn-ong.be\/wp-content\/uploads\/2023\/08\/Ubutabera-2-450x263.jpeg 450w, https:\/\/rcn-ong.be\/wp-content\/uploads\/2023\/08\/Ubutabera-2-600x351.jpeg 600w, https:\/\/rcn-ong.be\/wp-content\/uploads\/2023\/08\/Ubutabera-2-900x527.jpeg 900w\" sizes=\"auto, (max-width: 300px) 100vw, 300px\" \/><\/a><\/p>\n<p style=\"padding-left: 40px;text-align: left\">Dans le cadre de ce module 3, notre jeu de r\u00f4le vous fera r\u00e9fl\u00e9chir sur ces questions en vous plongeant dans un proc\u00e8s fictif devant le Tribunal P\u00e9nal International pour le Rwanda (TPIR). Vous trouverez plus d&#8217;informations et les pi\u00e8ces du jeu \u00e0 t\u00e9l\u00e9charger,<a href=\"https:\/\/rcn-ong.be\/que-faisons-nous\/nos-outils-pedagogiques\/module-3-justice-et-lutte-contre-limpunite\/jeu-de-role-ubutabera\/\" target=\"_blank\" rel=\"noreferrer noopener\"> en cliquant ici <\/a>!<\/p>\n<p><\/p>\n\n\n<p class=\"has-text-color\" style=\"font-size:17px;color:#ff0000\"><strong><a href=\"mailto:pedagogie@rcn-ong.be\" target=\"_blank\" rel=\"noreferrer noopener\">Je r\u00e9serve ce module !<\/a><\/strong><\/p>\n\n\n\n<h3 class=\"wp-block-heading\">T\u00e9l\u00e9chargez nos outils ci-dessous :<\/h3>\n\n\n\n<h4 class=\"wp-block-heading\"><strong>Manuel du professeur et support<\/strong><\/h4>\n\n\n\n<ul class=\"wp-block-list\"><li><a rel=\"noreferrer noopener\" href=\"https:\/\/rcn-ong.be\/wp-content\/uploads\/2021\/11\/Manuel-du-professeur-Module-3.pdf\" target=\"_blank\">Manuel du professeur &#8211; Module 3<\/a><\/li><li><a href=\"https:\/\/prezi.com\/view\/aNJvCL4Kr8IhtLhiLZJ0\/\" target=\"_blank\" rel=\"noreferrer noopener\">Prezi &#8211; Module 3<\/a><\/li><li><a href=\"https:\/\/quizizz.com\/admin\/quiz\/660d73934ffcae96596521ae?source=quiz_share\" target=\"_blank\" rel=\"noreferrer noopener\">Quizizz Module 3<\/a><\/li><\/ul>\n\n\n\n<h4 class=\"wp-block-heading\">Outils suppl\u00e9mentaires <\/h4>\n\n\n\n<ul class=\"wp-block-list\"><li><a rel=\"noreferrer noopener\" href=\"https:\/\/rcn-ong.be\/wp-content\/uploads\/2020\/12\/9.-Citations-sur-la-justice.pdf\" data-type=\"URL\" data-id=\"https:\/\/rcn-ong.be\/wp-content\/uploads\/2020\/12\/9.-Citations-sur-la-justice.pdf\" target=\"_blank\">Citations sur la justice<\/a><\/li><li><a rel=\"noreferrer noopener\" href=\"https:\/\/rcn-ong.be\/wp-content\/uploads\/2021\/01\/10.-Mise-en-situation-Ntarama.pdf\" data-type=\"URL\" data-id=\"https:\/\/rcn-ong.be\/wp-content\/uploads\/2021\/01\/10.-Mise-en-situation-Ntarama.pdf\" target=\"_blank\">Mise en situation &#8211; Massacre de Ntarama<\/a><\/li><li><a rel=\"noreferrer noopener\" href=\"https:\/\/rcn-ong.be\/wp-content\/uploads\/2021\/01\/11.-Mise-en-situation-Harcelement-a-lecole.pdf\" data-type=\"URL\" data-id=\"https:\/\/rcn-ong.be\/wp-content\/uploads\/2021\/01\/11.-Mise-en-situation-Harcelement-a-lecole.pdf\" target=\"_blank\">Mise en situation &#8211; Harc\u00e8lement \u00e0 l&#8217;\u00e9cole<\/a><\/li><\/ul>\n\n\n\n<h4 class=\"wp-block-heading\">T\u00e9moignages<\/h4>\n\n\n\n<ul class=\"wp-block-list\"><li><a rel=\"noreferrer noopener\" aria-label=\" (s\u2019ouvre dans un nouvel onglet)\" href=\"https:\/\/www.youtube.com\/watch?v=0HKES1M-Xg0&amp;list=PLC4CJPOFGPqqoTDUQlk3encF9n3czye4z&amp;index=3\" target=\"_blank\">Si c&#8217;est l\u00e0, c&#8217;est ici &#8211; \u00e9pisode 3 : &#8220;Rendre justice: exercice difficile mais indispensable \u00e0 une paix durable&#8221;<\/a><\/li><li><a href=\"https:\/\/rcn-ong.be\/wp-content\/uploads\/2024\/02\/Fiche-contextuelle-pour-les-temoignages-video-2.pdf\" target=\"_blank\" rel=\"noreferrer noopener\">Fiche contextuelle pour les t\u00e9moignages vid\u00e9os<\/a><\/li><\/ul>\n\n\n\n<h4 class=\"wp-block-heading\">Fiches contexte<\/h4>\n\n\n\n<ul class=\"wp-block-list\"><li><a rel=\"noreferrer noopener\" href=\"https:\/\/rcn-ong.be\/wp-content\/uploads\/2020\/01\/4.-Ligne-du-temps-Rwanda.pdf\" data-type=\"URL\" data-id=\"https:\/\/rcn-ong.be\/wp-content\/uploads\/2020\/01\/4.-Ligne-du-temps-Rwanda.pdf\" target=\"_blank\">Ligne du temps Rwanda<\/a><\/li><li><a href=\"https:\/\/rcn-ong.be\/wp-content\/uploads\/2024\/02\/Fiche-Rwanda-Kazerne-DossinRCN-fevrier24.pdf\" target=\"_blank\" rel=\"noreferrer noopener\">Contexte Rwanda &#8211; Fiche p\u00e9dagogique<\/a><\/li><\/ul>\n\n\n\n<h4 class=\"wp-block-heading\">Fiches th\u00e9matiques<\/h4>\n\n\n\n<ul class=\"wp-block-list\"><li><a rel=\"noreferrer noopener\" href=\"https:\/\/rcn-ong.be\/wp-content\/uploads\/2024\/02\/5.-Introduction-sur-la-justice-penale-internationale-fevrier24.pdf\" target=\"_blank\">Introduction sur la justice p\u00e9nale internationale<\/a><\/li><li><a rel=\"noreferrer noopener\" href=\"https:\/\/rcn-ong.be\/wp-content\/uploads\/2024\/02\/6.-La-competence-universelle-2.pdf\" target=\"_blank\">La comp\u00e9tence universelle<\/a><\/li><li><a rel=\"noreferrer noopener\" href=\"https:\/\/rcn-ong.be\/wp-content\/uploads\/2020\/01\/7.-Les-crimes-de-droit-international.pdf\" target=\"_blank\" data-type=\"URL\" data-id=\"https:\/\/rcn-ong.be\/wp-content\/uploads\/2020\/01\/7.-Les-crimes-de-droit-international.pdf\">Les crimes de droit international<\/a><\/li><li><a rel=\"noreferrer noopener\" href=\"https:\/\/rcn-ong.be\/wp-content\/uploads\/2024\/02\/8.-Quelles-responsabilites-face-aux-crimes-de-masse-fevrier24-2.pdf\" target=\"_blank\">Quelles responsabilit\u00e9s face aux crimes de masse<\/a><\/li><\/ul>\n\n\n\n<h4 class=\"wp-block-heading\">Vid\u00e9os<\/h4>\n\n\n\n<ul class=\"wp-block-list\"><li><a rel=\"noreferrer noopener\" href=\"https:\/\/rcn-ong.be\/wp-content\/uploads\/2020\/02\/Vid\u00e9o-1-comp\u00e9tence-universelle.mp4\" data-type=\"URL\" data-id=\"https:\/\/rcn-ong.be\/wp-content\/uploads\/2020\/02\/Vid\u00e9o-1-comp\u00e9tence-universelle.mp4\" target=\"_blank\">Vid\u00e9o 1 La comp\u00e9tence universelle<\/a><\/li><li>Vid\u00e9o 2 La notion de justice (Cette vid\u00e9o est trop lourde au t\u00e9l\u00e9chargement. Envoyez-nous un email \u00e0 pedagogie@rcn-ong.be et nous vous l&#8217;enverrons avec plaisir.)<\/li><li><a rel=\"noreferrer noopener\" href=\"https:\/\/rcn-ong.be\/wp-content\/uploads\/2020\/02\/Vid\u00e9o-3-Le-r\u00f4le-difficile-du-juge.mp4\" data-type=\"URL\" data-id=\"https:\/\/rcn-ong.be\/wp-content\/uploads\/2020\/02\/Vid\u00e9o-3-Le-r\u00f4le-difficile-du-juge.mp4\" target=\"_blank\">Vid\u00e9o 3 Le r\u00f4le difficile du juge<\/a><\/li><\/ul>\n\n\n\n<p><\/p>\n","protected":false},"excerpt":{"rendered":"<p><span style=\"color: #808080;\"><em>Derni\u00e8re mise \u00e0 jour Janvier 2024<\/em><\/span><\/p>\n<p>Dans nos modules interactifs et participatifs nous abordons diff\u00e9rentes th\u00e9matiques\u00a0: les crimes internationaux ici et ailleurs et leurs cons\u00e9quences, les m\u00e9canismes qui m\u00e8nent \u00e0 l\u2019extr\u00e9misme, l\u2019exclusion et la violence et la reconstruction d\u2019une citoyennet\u00e9 critique,<\/p>\n<p><span class=\"ellipsis\">&hellip;<\/span><\/p>\n<div class=\"read-more\"><a href=\"https:\/\/rcn-ong.be\/en\/que-faisons-nous\/nos-outils-pedagogiques\/module-3-justice-et-lutte-contre-limpunite\/\">Read more &#8250;<\/a><\/div>\n<p><!-- end of .read-more --><\/p>\n","protected":false},"author":3,"featured_media":0,"parent":2071,"menu_order":0,"comment_status":"closed","ping_status":"closed","template":"","meta":{"footnotes":""},"class_list":["post-5435","page","type-page","status-publish","hentry"],"_links":{"self":[{"href":"https:\/\/rcn-ong.be\/en\/wp-json\/wp\/v2\/pages\/5435","targetHints":{"allow":["GET"]}}],"collection":[{"href":"https:\/\/rcn-ong.be\/en\/wp-json\/wp\/v2\/pages"}],"about":[{"href":"https:\/\/rcn-ong.be\/en\/wp-json\/wp\/v2\/types\/page"}],"author":[{"embeddable":true,"href":"https:\/\/rcn-ong.be\/en\/wp-json\/wp\/v2\/users\/3"}],"replies":[{"embeddable":true,"href":"https:\/\/rcn-ong.be\/en\/wp-json\/wp\/v2\/comments?post=5435"}],"version-history":[{"count":108,"href":"https:\/\/rcn-ong.be\/en\/wp-json\/wp\/v2\/pages\/5435\/revisions"}],"predecessor-version":[{"id":11697,"href":"https:\/\/rcn-ong.be\/en\/wp-json\/wp\/v2\/pages\/5435\/revisions\/11697"}],"up":[{"embeddable":true,"href":"https:\/\/rcn-ong.be\/en\/wp-json\/wp\/v2\/pages\/2071"}],"wp:attachment":[{"href":"https:\/\/rcn-ong.be\/en\/wp-json\/wp\/v2\/media?parent=5435"}],"curies":[{"name":"wp","href":"https:\/\/api.w.org\/{rel}","templated":true}]}}

Module 3 &#8211; Justice et lutte contre l&#8217;impunité

<p><span style="color: #808080;"><em>Dernière mise à jour Janvier 2024</em></span></p>


<p>Dans nos modules interactifs et participatifs nous abordons différentes thématiques : les crimes internationaux ici et ailleurs et leurs conséquences, les mécanismes qui mènent à l’extrémisme, l’exclusion et la violence et la reconstruction d’une citoyenneté critique, active et engagée.</p>



<figure class="wp-block-image"><img loading="lazy" decoding="async" width="1024" height="683" src="https://rcn-ong.be/wp-content/uploads/2020/03/justice-2060093_1920-1024x683.jpg" alt="" class="wp-image-5840" srcset="https://rcn-ong.be/wp-content/uploads/2020/03/justice-2060093_1920-1024x683.jpg 1024w, https://rcn-ong.be/wp-content/uploads/2020/03/justice-2060093_1920-300x200.jpg 300w, https://rcn-ong.be/wp-content/uploads/2020/03/justice-2060093_1920-768x512.jpg 768w, https://rcn-ong.be/wp-content/uploads/2020/03/justice-2060093_1920-100x67.jpg 100w, https://rcn-ong.be/wp-content/uploads/2020/03/justice-2060093_1920-150x100.jpg 150w, https://rcn-ong.be/wp-content/uploads/2020/03/justice-2060093_1920-200x133.jpg 200w, https://rcn-ong.be/wp-content/uploads/2020/03/justice-2060093_1920-450x300.jpg 450w, https://rcn-ong.be/wp-content/uploads/2020/03/justice-2060093_1920-600x400.jpg 600w, https://rcn-ong.be/wp-content/uploads/2020/03/justice-2060093_1920-900x600.jpg 900w, https://rcn-ong.be/wp-content/uploads/2020/03/justice-2060093_1920.jpg 1920w" sizes="auto, (max-width: 1024px) 100vw, 1024px" /><figcaption><em>Statue représentant la justice</em></figcaption></figure>



<p>Rendre justice fait partie du processus de paix et de réconciliation mais cet exercice, bien qu’indispensable afin d’offrir un espace de parole, de mettre des mots et noms sur les faits, reste souvent difficile. Comment rendre justice ? Comment établir les responsabilités de chacun ? Quels sont les mécanismes (inter)nationaux qui existent ? Comment la justice contribue-t-elle à la reconstruction de la société ? Découvrons-le ensemble ! </p>


<p><strong data-rich-text-format-boundary="true">Nouveauté !</strong> Découvrez aussi le<strong> jeu de rôle &#8211; Ubutabera, </strong>notre nouvel outil pédagogique !<a href="https://rcn-ong.be/que-faisons-nous/nos-outils-pedagogiques/module-3-justice-et-lutte-contre-limpunite/jeu-de-role-ubutabera/"><img loading="lazy" decoding="async" class="size-medium wp-image-9521 alignright" src="https://rcn-ong.be/wp-content/uploads/2023/08/Ubutabera-2-300x176.jpeg" alt="" width="300" height="176" srcset="https://rcn-ong.be/wp-content/uploads/2023/08/Ubutabera-2-300x176.jpeg 300w, https://rcn-ong.be/wp-content/uploads/2023/08/Ubutabera-2-1024x599.jpeg 1024w, https://rcn-ong.be/wp-content/uploads/2023/08/Ubutabera-2-768x450.jpeg 768w, https://rcn-ong.be/wp-content/uploads/2023/08/Ubutabera-2-1536x899.jpeg 1536w, https://rcn-ong.be/wp-content/uploads/2023/08/Ubutabera-2-2048x1199.jpeg 2048w, https://rcn-ong.be/wp-content/uploads/2023/08/Ubutabera-2-100x59.jpeg 100w, https://rcn-ong.be/wp-content/uploads/2023/08/Ubutabera-2-150x88.jpeg 150w, https://rcn-ong.be/wp-content/uploads/2023/08/Ubutabera-2-200x117.jpeg 200w, https://rcn-ong.be/wp-content/uploads/2023/08/Ubutabera-2-450x263.jpeg 450w, https://rcn-ong.be/wp-content/uploads/2023/08/Ubutabera-2-600x351.jpeg 600w, https://rcn-ong.be/wp-content/uploads/2023/08/Ubutabera-2-900x527.jpeg 900w" sizes="auto, (max-width: 300px) 100vw, 300px" /></a></p>
<p style="padding-left: 40px;text-align: left">Dans le cadre de ce module 3, notre jeu de rôle vous fera réfléchir sur ces questions en vous plongeant dans un procès fictif devant le Tribunal Pénal International pour le Rwanda (TPIR). Vous trouverez plus d&#8217;informations et les pièces du jeu à télécharger,<a href="https://rcn-ong.be/que-faisons-nous/nos-outils-pedagogiques/module-3-justice-et-lutte-contre-limpunite/jeu-de-role-ubutabera/" target="_blank" rel="noreferrer noopener"> en cliquant ici </a>!</p>
<p></p>


<p class="has-text-color" style="font-size:17px;color:#ff0000"><strong><a href="mailto:pedagogie@rcn-ong.be" target="_blank" rel="noreferrer noopener">Je réserve ce module !</a></strong></p>



<h3 class="wp-block-heading">Téléchargez nos outils ci-dessous :</h3>



<h4 class="wp-block-heading"><strong>Manuel du professeur et support</strong></h4>



<ul class="wp-block-list"><li><a rel="noreferrer noopener" href="https://rcn-ong.be/wp-content/uploads/2021/11/Manuel-du-professeur-Module-3.pdf" target="_blank">Manuel du professeur &#8211; Module 3</a></li><li><a href="https://prezi.com/view/aNJvCL4Kr8IhtLhiLZJ0/" target="_blank" rel="noreferrer noopener">Prezi &#8211; Module 3</a></li><li><a href="https://quizizz.com/admin/quiz/660d73934ffcae96596521ae?source=quiz_share" target="_blank" rel="noreferrer noopener">Quizizz Module 3</a></li></ul>



<h4 class="wp-block-heading">Outils supplémentaires </h4>



<ul class="wp-block-list"><li><a rel="noreferrer noopener" href="https://rcn-ong.be/wp-content/uploads/2020/12/9.-Citations-sur-la-justice.pdf" data-type="URL" data-id="https://rcn-ong.be/wp-content/uploads/2020/12/9.-Citations-sur-la-justice.pdf" target="_blank">Citations sur la justice</a></li><li><a rel="noreferrer noopener" href="https://rcn-ong.be/wp-content/uploads/2021/01/10.-Mise-en-situation-Ntarama.pdf" data-type="URL" data-id="https://rcn-ong.be/wp-content/uploads/2021/01/10.-Mise-en-situation-Ntarama.pdf" target="_blank">Mise en situation &#8211; Massacre de Ntarama</a></li><li><a rel="noreferrer noopener" href="https://rcn-ong.be/wp-content/uploads/2021/01/11.-Mise-en-situation-Harcelement-a-lecole.pdf" data-type="URL" data-id="https://rcn-ong.be/wp-content/uploads/2021/01/11.-Mise-en-situation-Harcelement-a-lecole.pdf" target="_blank">Mise en situation &#8211; Harcèlement à l&#8217;école</a></li></ul>



<h4 class="wp-block-heading">Témoignages</h4>



<ul class="wp-block-list"><li><a rel="noreferrer noopener" aria-label=" (s’ouvre dans un nouvel onglet)" href="https://www.youtube.com/watch?v=0HKES1M-Xg0&amp;list=PLC4CJPOFGPqqoTDUQlk3encF9n3czye4z&amp;index=3" target="_blank">Si c&#8217;est là, c&#8217;est ici &#8211; épisode 3 : &#8220;Rendre justice: exercice difficile mais indispensable à une paix durable&#8221;</a></li><li><a href="https://rcn-ong.be/wp-content/uploads/2024/02/Fiche-contextuelle-pour-les-temoignages-video-2.pdf" target="_blank" rel="noreferrer noopener">Fiche contextuelle pour les témoignages vidéos</a></li></ul>



<h4 class="wp-block-heading">Fiches contexte</h4>



<ul class="wp-block-list"><li><a rel="noreferrer noopener" href="https://rcn-ong.be/wp-content/uploads/2020/01/4.-Ligne-du-temps-Rwanda.pdf" data-type="URL" data-id="https://rcn-ong.be/wp-content/uploads/2020/01/4.-Ligne-du-temps-Rwanda.pdf" target="_blank">Ligne du temps Rwanda</a></li><li><a href="https://rcn-ong.be/wp-content/uploads/2024/02/Fiche-Rwanda-Kazerne-DossinRCN-fevrier24.pdf" target="_blank" rel="noreferrer noopener">Contexte Rwanda &#8211; Fiche pédagogique</a></li></ul>



<h4 class="wp-block-heading">Fiches thématiques</h4>



<ul class="wp-block-list"><li><a rel="noreferrer noopener" href="https://rcn-ong.be/wp-content/uploads/2024/02/5.-Introduction-sur-la-justice-penale-internationale-fevrier24.pdf" target="_blank">Introduction sur la justice pénale internationale</a></li><li><a rel="noreferrer noopener" href="https://rcn-ong.be/wp-content/uploads/2024/02/6.-La-competence-universelle-2.pdf" target="_blank">La compétence universelle</a></li><li><a rel="noreferrer noopener" href="https://rcn-ong.be/wp-content/uploads/2020/01/7.-Les-crimes-de-droit-international.pdf" target="_blank" data-type="URL" data-id="https://rcn-ong.be/wp-content/uploads/2020/01/7.-Les-crimes-de-droit-international.pdf">Les crimes de droit international</a></li><li><a rel="noreferrer noopener" href="https://rcn-ong.be/wp-content/uploads/2024/02/8.-Quelles-responsabilites-face-aux-crimes-de-masse-fevrier24-2.pdf" target="_blank">Quelles responsabilités face aux crimes de masse</a></li></ul>



<h4 class="wp-block-heading">Vidéos</h4>



<ul class="wp-block-list"><li><a rel="noreferrer noopener" href="https://rcn-ong.be/wp-content/uploads/2020/02/Vidéo-1-compétence-universelle.mp4" data-type="URL" data-id="https://rcn-ong.be/wp-content/uploads/2020/02/Vidéo-1-compétence-universelle.mp4" target="_blank">Vidéo 1 La compétence universelle</a></li><li>Vidéo 2 La notion de justice (Cette vidéo est trop lourde au téléchargement. Envoyez-nous un email à pedagogie@rcn-ong.be et nous vous l&#8217;enverrons avec plaisir.)</li><li><a rel="noreferrer noopener" href="https://rcn-ong.be/wp-content/uploads/2020/02/Vidéo-3-Le-rôle-difficile-du-juge.mp4" data-type="URL" data-id="https://rcn-ong.be/wp-content/uploads/2020/02/Vidéo-3-Le-rôle-difficile-du-juge.mp4" target="_blank">Vidéo 3 Le rôle difficile du juge</a></li></ul>



<p></p>

<p><span style="color: #808080;"><em>Dernière mise à jour Janvier 2024</em></span></p>
<p>Dans nos modules interactifs et participatifs nous abordons différentes thématiques : les crimes internationaux ici et ailleurs et leurs conséquences, les mécanismes qui mènent à l’extrémisme, l’exclusion et la violence et la reconstruction d’une citoyenneté critique,</p>
<p><span class="ellipsis">&hellip;</span></p>
<div class="read-more"><a href="https://rcn-ong.be/en/que-faisons-nous/nos-outils-pedagogiques/module-3-justice-et-lutte-contre-limpunite/">Read more &#8250;</a></div>
<p><!-- end of .read-more --></p>
