{"id":7322,"date":"2021-04-12T10:32:00","date_gmt":"2021-04-12T08:32:00","guid":{"rendered":"https:\/\/rcn-ong.be\/?page_id=7322"},"modified":"2021-05-20T09:03:51","modified_gmt":"2021-05-20T07:03:51","slug":"webinaire-justice-memoire-cohesion-sociale","status":"publish","type":"page","link":"https:\/\/rcn-ong.be\/en\/actualites\/webinaire-justice-memoire-cohesion-sociale\/","title":{"rendered":"Webinaire : Quel lien entre justice, m\u00e9moire et coh\u00e9sion sociale?"},"content":{"rendered":"\n<p>Dans une soci\u00e9t\u00e9 post-conflit, il est important de pouvoir rapidement et durablement mettre fin au cercle vicieux ayant men\u00e9 \u00e0 la violence. Pour y parvenir, diff\u00e9rents m\u00e9canismes peuvent \u00eatre mobilis\u00e9s parmi lesquels la justice, le travail de m\u00e9moire et la restauration de la coh\u00e9sion sociale. Pris individuellement, ces m\u00e9canismes sont n\u00e9cessaires \u00e0 la construction d\u2019une paix durable mais insuffisants. Comment ces m\u00e9canismes fonctionnent-ils&nbsp;? Quelles sont les bonnes pratiques identifi\u00e9es en la mati\u00e8re&nbsp;?&nbsp; Quelles sont leurs plus-values et limites&nbsp;? Comment se renforcent-ils mutuellement&nbsp;?<\/p>\n\n\n\n<div class=\"wp-block-group alignwide\"><div class=\"wp-block-group__inner-container is-layout-flow wp-block-group-is-layout-flow\">\n<div class=\"wp-block-media-text alignwide is-stacked-on-mobile\"><figure class=\"wp-block-media-text__media\"><img loading=\"lazy\" decoding=\"async\" width=\"334\" height=\"348\" src=\"https:\/\/rcn-ong.be\/wp-content\/uploads\/2021\/03\/202102-EGILLET-V2.png\" alt=\"\" class=\"wp-image-7261\" srcset=\"https:\/\/rcn-ong.be\/wp-content\/uploads\/2021\/03\/202102-EGILLET-V2.png 334w, https:\/\/rcn-ong.be\/wp-content\/uploads\/2021\/03\/202102-EGILLET-V2-288x300.png 288w, https:\/\/rcn-ong.be\/wp-content\/uploads\/2021\/03\/202102-EGILLET-V2-100x104.png 100w, https:\/\/rcn-ong.be\/wp-content\/uploads\/2021\/03\/202102-EGILLET-V2-150x156.png 150w, https:\/\/rcn-ong.be\/wp-content\/uploads\/2021\/03\/202102-EGILLET-V2-200x208.png 200w, https:\/\/rcn-ong.be\/wp-content\/uploads\/2021\/03\/202102-EGILLET-V2-300x313.png 300w\" sizes=\"auto, (max-width: 334px) 100vw, 334px\" \/><\/figure><div class=\"wp-block-media-text__content\">\n<p><strong><em>mod\u00e9r\u00e9e par Eric Gillet,<br>Pr\u00e9sident de RCN Justice &amp; D\u00e9mocratie<\/em><\/strong><\/p>\n<\/div><\/div>\n<\/div><\/div>\n\n\n\n<p><\/p>\n\n\n\n<h4 class=\"wp-block-heading\"><strong>Jeudi 20 mai 2021 de 9H30 \u00e0 12H30&nbsp;sur inscription<\/strong><\/h4>\n\n\n\n<div class=\"wp-block-buttons is-layout-flex wp-block-buttons-is-layout-flex\">\n<div class=\"wp-block-button\"><a class=\"wp-block-button__link\" href=\"https:\/\/forms.office.com\/Pages\/ResponsePage.aspx?id=Jl8D50fa2UW5Jp3IUVkbteGeDWlvSZhLukRAITIe6ZhUMFk3UDdWTUtZS0Y2RTQ5V0EwUkVDVDBYQS4u\" target=\"_blank\" rel=\"noreferrer noopener\">Inscrivez-vous \u00e0 la conf\u00e9rence<\/a><\/div>\n<\/div>\n\n\n\n<div class=\"wp-block-buttons is-layout-flex wp-block-buttons-is-layout-flex\">\n<div class=\"wp-block-button\"><a class=\"wp-block-button__link\" href=\"https:\/\/rcn-ong.be\/wp-content\/uploads\/2021\/05\/Invitation-webinaire-2.pdf\" target=\"_blank\" rel=\"noreferrer noopener\">Programme Complet<\/a><\/div>\n<\/div>\n\n\n\n<p><\/p>\n","protected":false},"excerpt":{"rendered":"<p>Dans une soci\u00e9t\u00e9 post-conflit, il est important de pouvoir rapidement et durablement mettre fin au cercle vicieux ayant men\u00e9 \u00e0 la violence. Pour y parvenir, diff\u00e9rents m\u00e9canismes peuvent \u00eatre mobilis\u00e9s parmi lesquels la justice, le travail de m\u00e9moire et la restauration de la coh\u00e9sion sociale.<\/p>\n<p><span class=\"ellipsis\">&hellip;<\/span><\/p>\n<div class=\"read-more\"><a href=\"https:\/\/rcn-ong.be\/en\/actualites\/webinaire-justice-memoire-cohesion-sociale\/\">Read more &#8250;<\/a><\/div>\n<p><!-- end of .read-more --><\/p>\n","protected":false},"author":19,"featured_media":7323,"parent":2046,"menu_order":0,"comment_status":"closed","ping_status":"closed","template":"","meta":{"footnotes":""},"class_list":["post-7322","page","type-page","status-publish","has-post-thumbnail","hentry"],"_links":{"self":[{"href":"https:\/\/rcn-ong.be\/en\/wp-json\/wp\/v2\/pages\/7322","targetHints":{"allow":["GET"]}}],"collection":[{"href":"https:\/\/rcn-ong.be\/en\/wp-json\/wp\/v2\/pages"}],"about":[{"href":"https:\/\/rcn-ong.be\/en\/wp-json\/wp\/v2\/types\/page"}],"author":[{"embeddable":true,"href":"https:\/\/rcn-ong.be\/en\/wp-json\/wp\/v2\/users\/19"}],"replies":[{"embeddable":true,"href":"https:\/\/rcn-ong.be\/en\/wp-json\/wp\/v2\/comments?post=7322"}],"version-history":[{"count":8,"href":"https:\/\/rcn-ong.be\/en\/wp-json\/wp\/v2\/pages\/7322\/revisions"}],"predecessor-version":[{"id":7408,"href":"https:\/\/rcn-ong.be\/en\/wp-json\/wp\/v2\/pages\/7322\/revisions\/7408"}],"up":[{"embeddable":true,"href":"https:\/\/rcn-ong.be\/en\/wp-json\/wp\/v2\/pages\/2046"}],"wp:featuredmedia":[{"embeddable":true,"href":"https:\/\/rcn-ong.be\/en\/wp-json\/wp\/v2\/media\/7323"}],"wp:attachment":[{"href":"https:\/\/rcn-ong.be\/en\/wp-json\/wp\/v2\/media?parent=7322"}],"curies":[{"name":"wp","href":"https:\/\/api.w.org\/{rel}","templated":true}]}}

Webinaire : Quel lien entre justice, mémoire et cohésion sociale?

<p>Dans une société post-conflit, il est important de pouvoir rapidement et durablement mettre fin au cercle vicieux ayant mené à la violence. Pour y parvenir, différents mécanismes peuvent être mobilisés parmi lesquels la justice, le travail de mémoire et la restauration de la cohésion sociale. Pris individuellement, ces mécanismes sont nécessaires à la construction d’une paix durable mais insuffisants. Comment ces mécanismes fonctionnent-ils&nbsp;? Quelles sont les bonnes pratiques identifiées en la matière&nbsp;?&nbsp; Quelles sont leurs plus-values et limites&nbsp;? Comment se renforcent-ils mutuellement&nbsp;?</p>



<div class="wp-block-group alignwide"><div class="wp-block-group__inner-container is-layout-flow wp-block-group-is-layout-flow">
<div class="wp-block-media-text alignwide is-stacked-on-mobile"><figure class="wp-block-media-text__media"><img loading="lazy" decoding="async" width="334" height="348" src="https://rcn-ong.be/wp-content/uploads/2021/03/202102-EGILLET-V2.png" alt="" class="wp-image-7261" srcset="https://rcn-ong.be/wp-content/uploads/2021/03/202102-EGILLET-V2.png 334w, https://rcn-ong.be/wp-content/uploads/2021/03/202102-EGILLET-V2-288x300.png 288w, https://rcn-ong.be/wp-content/uploads/2021/03/202102-EGILLET-V2-100x104.png 100w, https://rcn-ong.be/wp-content/uploads/2021/03/202102-EGILLET-V2-150x156.png 150w, https://rcn-ong.be/wp-content/uploads/2021/03/202102-EGILLET-V2-200x208.png 200w, https://rcn-ong.be/wp-content/uploads/2021/03/202102-EGILLET-V2-300x313.png 300w" sizes="auto, (max-width: 334px) 100vw, 334px" /></figure><div class="wp-block-media-text__content">
<p><strong><em>modérée par Eric Gillet,<br>Président de RCN Justice &amp; Démocratie</em></strong></p>
</div></div>
</div></div>



<p></p>



<h4 class="wp-block-heading"><strong>Jeudi 20 mai 2021 de 9H30 à 12H30&nbsp;sur inscription</strong></h4>



<div class="wp-block-buttons is-layout-flex wp-block-buttons-is-layout-flex">
<div class="wp-block-button"><a class="wp-block-button__link" href="https://forms.office.com/Pages/ResponsePage.aspx?id=Jl8D50fa2UW5Jp3IUVkbteGeDWlvSZhLukRAITIe6ZhUMFk3UDdWTUtZS0Y2RTQ5V0EwUkVDVDBYQS4u" target="_blank" rel="noreferrer noopener">Inscrivez-vous à la conférence</a></div>
</div>



<div class="wp-block-buttons is-layout-flex wp-block-buttons-is-layout-flex">
<div class="wp-block-button"><a class="wp-block-button__link" href="https://rcn-ong.be/wp-content/uploads/2021/05/Invitation-webinaire-2.pdf" target="_blank" rel="noreferrer noopener">Programme Complet</a></div>
</div>



<p></p>

<p>Dans une société post-conflit, il est important de pouvoir rapidement et durablement mettre fin au cercle vicieux ayant mené à la violence. Pour y parvenir, différents mécanismes peuvent être mobilisés parmi lesquels la justice, le travail de mémoire et la restauration de la cohésion sociale.</p>
<p><span class="ellipsis">&hellip;</span></p>
<div class="read-more"><a href="https://rcn-ong.be/en/actualites/webinaire-justice-memoire-cohesion-sociale/">Read more &#8250;</a></div>
<p><!-- end of .read-more --></p>
