{"id":3010,"date":"2015-03-23T10:33:40","date_gmt":"2015-03-23T10:33:40","guid":{"rendered":"https:\/\/rcn-ong.be\/?page_id=3010"},"modified":"2015-12-11T09:17:27","modified_gmt":"2015-12-11T09:17:27","slug":"contribuer-a-la-liberte-dexpression-en-republique-democratique-du-congo","status":"publish","type":"page","link":"https:\/\/rcn-ong.be\/nl\/que-faisons-nous\/nos-pays-d-intervention\/republique-democratique-du-congo\/realisations-anterieures\/contribuer-a-la-liberte-dexpression-en-republique-democratique-du-congo\/","title":{"rendered":"&#8220;Contribuer \u00e0 la libert\u00e9 d\u2019expression en R\u00e9publique d\u00e9mocratique du Congo&#8221;"},"content":{"rendered":"<p>&nbsp;<\/p>\n<p>En d\u00e9cembre 2010, RCN s\u2019est engag\u00e9 dans un nouveau projet financ\u00e9 par l\u2019Union europ\u00e9enne, sur la ligne IEDDH (Instrument Europ\u00e9en pour la D\u00e9mocratie et les Droits de l\u2019Homme). Le projet \u00ab Contribuer \u00e0 la libert\u00e9 d\u2019expression en R\u00e9publique d\u00e9mocratique du Congo \u00bb a vis\u00e9 d\u2019une part un traitement plus rigoureux des sujets juridiques et judiciaires et d\u2019autre part l\u2019\u00e9tablissement d\u2019un climat favorable \u00e0 la pratique journalistique. Les provinces cibl\u00e9es par le projet ont \u00e9t\u00e9 Kinshasa, le Bas-Congo, le Sud-Kivu et la Province orientale, et les partenaires d\u2019ex\u00e9cution ont \u00e9t\u00e9 le r\u00e9seau Syfia Grands Lacs et Infosud d\u2019une part et Journalistes en danger (JED) d\u2019autre part.<\/p>\n<p>Pour le premier axe, 85 journalistes ont particip\u00e9 \u00e0 des formations sur le fonctionnement de la justice et des proc\u00e9dures judiciaires et sur l\u2019\u00e9thique, la d\u00e9ontologie journalistique et les techniques professionnelles. suite\u00a0\u00e0 ces formations, les bureaux provinciaux de InfoSud et Syfia Grands Lacs, ont assur\u00e9 le suivi et l\u2019encadrement des journalistes form\u00e9s tant sur place (\u00e0 travers des coordonnateurs locaux) qu\u2019\u00e0 distance (\u00e0 travers la plateforme de formation d\u2019InfoSud\/Syfia Grands Lacs, par des journalistes exp\u00e9riment\u00e9s bas\u00e9s en Europe). C\u2019est gr\u00e2ce \u00e0 ce partenariat avec InfoSud et Syfia Grands Lacs que des dizaines d\u2019articles et d\u2019\u00e9missions radio et t\u00e9l\u00e9 sur le droit et la justice sont produites et diffus\u00e9es dans les quatre provinces cibles.<a href=\"https:\/\/rcn-ong.be\/wp-content\/uploads\/2015\/05\/photo-publication-IEDDH_6.bmp\"><img loading=\"lazy\" decoding=\"async\" class=\"alignright size-full wp-image-3772\" src=\"https:\/\/rcn-ong.be\/wp-content\/uploads\/2015\/05\/photo-publication-IEDDH_6.bmp\" alt=\"photo publication IEDDH_6\" width=\"180\" height=\"258\" \/><\/a><\/p>\n<p>Pour consulter la Publication \u00e0 laquelle a donn\u00e9 lieu ce premier axe du Programme, veuillez <a href=\"https:\/\/rcn-ong.be\/?p=3325\" target=\"_blank\">cliquer ici<\/a>.<\/p>\n<p>Dans le cadre du renforcement des m\u00e9canismes juridiques de d\u00e9fense et de protection des journalistes, des ateliers-rencontres entre journalistes et professionnels de la justice (avocats, magistrats, OPJ) se sont tenus dans chaque province cibl\u00e9e. Ces ateliers ont permis aux journalistes d\u2019\u00e9changer, entre autres, sur les difficult\u00e9s rencontr\u00e9es\u00a0dans l\u2019exercice de leur m\u00e9tier et sur la question de la d\u00e9p\u00e9nalisation des d\u00e9lits de presse. Les recommandations \u00e9labor\u00e9es dans un document de plaidoyer ont \u00e9t\u00e9 port\u00e9es aux autorit\u00e9s politiques \u00e0 Kinshasa. De plus, quatre \u00e9missions t\u00e9l\u00e9vis\u00e9es de la s\u00e9rie \u00ab Justice et D\u00e9mocratie \u00bb ont \u00e9t\u00e9 produites sp\u00e9cifiquement sur la question de la libert\u00e9 de la presse, et des textes de lois officiels distribu\u00e9s pour une meilleure diffusion de la loi sur la presse. Cette activit\u00e9 \u00e9t\u00e9 cofinanc\u00e9e par la DGD (Belgique).<\/p>\n<p>En cours de projet, RCN Justice &amp; D\u00e9mocratie a d\u00e9cid\u00e9, avec l\u2019autorisation de l\u2019Union europ\u00e9enne, de soutenir le projet Local Voices. Durant la p\u00e9riode \u00e9lectorale de fin 2011, ce site (<a href=\"http:\/\/localvoices.com\" target=\"_blank\">http:\/\/localvoices.com<\/a>) a donn\u00e9 la parole \u00e0 des \u00e9lecteurs vivant en milieu rural, leur permettant de relater\u00a0la mani\u00e8re dont y \u00e9taient per\u00e7ues les \u00e9lections ainsi que les impacts de celles-ci sur le quotidien.<\/p>\n<p>&nbsp;<\/p>\n","protected":false},"excerpt":{"rendered":"<p>&nbsp;<\/p>\n<p>En d\u00e9cembre 2010, RCN s\u2019est engag\u00e9 dans un nouveau projet financ\u00e9 par l\u2019Union europ\u00e9enne, sur la ligne IEDDH (Instrument Europ\u00e9en pour la D\u00e9mocratie et les Droits de l\u2019Homme). Le projet \u00ab Contribuer \u00e0 la libert\u00e9 d\u2019expression en R\u00e9publique d\u00e9mocratique du Congo \u00bb a vis\u00e9 d\u2019une part un traitement plus rigoureux des sujets juridiques et judiciaires et d\u2019autre part l\u2019\u00e9tablissement d\u2019un climat favorable \u00e0 la pratique journalistique.<\/p>\n<p><span class=\"ellipsis\">&hellip;<\/span><\/p>\n<div class=\"read-more\"><a href=\"https:\/\/rcn-ong.be\/nl\/que-faisons-nous\/nos-pays-d-intervention\/republique-democratique-du-congo\/realisations-anterieures\/contribuer-a-la-liberte-dexpression-en-republique-democratique-du-congo\/\">Lees meer &#8250;<\/a><\/div>\n<p><!-- end of .read-more --><\/p>\n","protected":false},"author":3,"featured_media":0,"parent":2964,"menu_order":0,"comment_status":"open","ping_status":"open","template":"sidebar-content-page.php","meta":{"footnotes":""},"class_list":["post-3010","page","type-page","status-publish","hentry"],"_links":{"self":[{"href":"https:\/\/rcn-ong.be\/nl\/wp-json\/wp\/v2\/pages\/3010","targetHints":{"allow":["GET"]}}],"collection":[{"href":"https:\/\/rcn-ong.be\/nl\/wp-json\/wp\/v2\/pages"}],"about":[{"href":"https:\/\/rcn-ong.be\/nl\/wp-json\/wp\/v2\/types\/page"}],"author":[{"embeddable":true,"href":"https:\/\/rcn-ong.be\/nl\/wp-json\/wp\/v2\/users\/3"}],"replies":[{"embeddable":true,"href":"https:\/\/rcn-ong.be\/nl\/wp-json\/wp\/v2\/comments?post=3010"}],"version-history":[{"count":6,"href":"https:\/\/rcn-ong.be\/nl\/wp-json\/wp\/v2\/pages\/3010\/revisions"}],"predecessor-version":[{"id":4080,"href":"https:\/\/rcn-ong.be\/nl\/wp-json\/wp\/v2\/pages\/3010\/revisions\/4080"}],"up":[{"embeddable":true,"href":"https:\/\/rcn-ong.be\/nl\/wp-json\/wp\/v2\/pages\/2964"}],"wp:attachment":[{"href":"https:\/\/rcn-ong.be\/nl\/wp-json\/wp\/v2\/media?parent=3010"}],"curies":[{"name":"wp","href":"https:\/\/api.w.org\/{rel}","templated":true}]}}

&#8220;Contribuer à la liberté d’expression en République démocratique du Congo&#8221;

<p>&nbsp;</p>
<p>En décembre 2010, RCN s’est engagé dans un nouveau projet financé par l’Union européenne, sur la ligne IEDDH (Instrument Européen pour la Démocratie et les Droits de l’Homme). Le projet « Contribuer à la liberté d’expression en République démocratique du Congo » a visé d’une part un traitement plus rigoureux des sujets juridiques et judiciaires et d’autre part l’établissement d’un climat favorable à la pratique journalistique. Les provinces ciblées par le projet ont été Kinshasa, le Bas-Congo, le Sud-Kivu et la Province orientale, et les partenaires d’exécution ont été le réseau Syfia Grands Lacs et Infosud d’une part et Journalistes en danger (JED) d’autre part.</p>
<p>Pour le premier axe, 85 journalistes ont participé à des formations sur le fonctionnement de la justice et des procédures judiciaires et sur l’éthique, la déontologie journalistique et les techniques professionnelles. suite à ces formations, les bureaux provinciaux de InfoSud et Syfia Grands Lacs, ont assuré le suivi et l’encadrement des journalistes formés tant sur place (à travers des coordonnateurs locaux) qu’à distance (à travers la plateforme de formation d’InfoSud/Syfia Grands Lacs, par des journalistes expérimentés basés en Europe). C’est grâce à ce partenariat avec InfoSud et Syfia Grands Lacs que des dizaines d’articles et d’émissions radio et télé sur le droit et la justice sont produites et diffusées dans les quatre provinces cibles.<a href="https://rcn-ong.be/wp-content/uploads/2015/05/photo-publication-IEDDH_6.bmp"><img loading="lazy" decoding="async" class="alignright size-full wp-image-3772" src="https://rcn-ong.be/wp-content/uploads/2015/05/photo-publication-IEDDH_6.bmp" alt="photo publication IEDDH_6" width="180" height="258" /></a></p>
<p>Pour consulter la Publication à laquelle a donné lieu ce premier axe du Programme, veuillez <a href="https://rcn-ong.be/?p=3325" target="_blank">cliquer ici</a>.</p>
<p>Dans le cadre du renforcement des mécanismes juridiques de défense et de protection des journalistes, des ateliers-rencontres entre journalistes et professionnels de la justice (avocats, magistrats, OPJ) se sont tenus dans chaque province ciblée. Ces ateliers ont permis aux journalistes d’échanger, entre autres, sur les difficultés rencontrées dans l’exercice de leur métier et sur la question de la dépénalisation des délits de presse. Les recommandations élaborées dans un document de plaidoyer ont été portées aux autorités politiques à Kinshasa. De plus, quatre émissions télévisées de la série « Justice et Démocratie » ont été produites spécifiquement sur la question de la liberté de la presse, et des textes de lois officiels distribués pour une meilleure diffusion de la loi sur la presse. Cette activité été cofinancée par la DGD (Belgique).</p>
<p>En cours de projet, RCN Justice &amp; Démocratie a décidé, avec l’autorisation de l’Union européenne, de soutenir le projet Local Voices. Durant la période électorale de fin 2011, ce site (<a href="http://localvoices.com" target="_blank">http://localvoices.com</a>) a donné la parole à des électeurs vivant en milieu rural, leur permettant de relater la manière dont y étaient perçues les élections ainsi que les impacts de celles-ci sur le quotidien.</p>
<p>&nbsp;</p>

<p>&nbsp;</p>
<p>En décembre 2010, RCN s’est engagé dans un nouveau projet financé par l’Union européenne, sur la ligne IEDDH (Instrument Européen pour la Démocratie et les Droits de l’Homme). Le projet « Contribuer à la liberté d’expression en République démocratique du Congo » a visé d’une part un traitement plus rigoureux des sujets juridiques et judiciaires et d’autre part l’établissement d’un climat favorable à la pratique journalistique.</p>
<p><span class="ellipsis">&hellip;</span></p>
<div class="read-more"><a href="https://rcn-ong.be/nl/que-faisons-nous/nos-pays-d-intervention/republique-democratique-du-congo/realisations-anterieures/contribuer-a-la-liberte-dexpression-en-republique-democratique-du-congo/">Lees meer &#8250;</a></div>
<p><!-- end of .read-more --></p>
